{"id":54570,"date":"2023-05-03T15:10:08","date_gmt":"2023-05-03T13:10:08","guid":{"rendered":"https:\/\/www.smeup.com\/eventi\/?post_type=tribe_events&#038;p=54570"},"modified":"2023-06-28T17:36:16","modified_gmt":"2023-06-28T15:36:16","slug":"smeup-terra-un-intervento-al-common-europe-congress","status":"publish","type":"tribe_events","link":"https:\/\/www.smeup.com\/eventi\/evento\/smeup-terra-un-intervento-al-common-europe-congress\/","title":{"rendered":"Smeup ha tenuto un intervento al Common Europe Congress"},"content":{"rendered":"<div class=\"fusion-fullwidth fullwidth-box fusion-builder-row-1 fusion-flex-container nonhundred-percent-fullwidth non-hundred-percent-height-scrolling gradient-container-1\" style=\"--awb-border-radius-top-left:0px;--awb-border-radius-top-right:0px;--awb-border-radius-bottom-right:0px;--awb-border-radius-bottom-left:0px;--awb-flex-wrap:wrap;\" ><div class=\"fusion-builder-row fusion-row fusion-flex-align-items-flex-start fusion-flex-content-wrap\" style=\"max-width:1144px;margin-left: calc(-4% \/ 2 );margin-right: calc(-4% \/ 2 );\"><div class=\"fusion-layout-column fusion_builder_column fusion-builder-column-0 fusion_builder_column_1_1 1_1 fusion-flex-column\" style=\"--awb-bg-size:cover;--awb-width-large:100%;--awb-margin-top-large:0px;--awb-spacing-right-large:1.92%;--awb-margin-bottom-large:20px;--awb-spacing-left-large:1.92%;--awb-width-medium:100%;--awb-order-medium:0;--awb-spacing-right-medium:1.92%;--awb-spacing-left-medium:1.92%;--awb-width-small:100%;--awb-order-small:0;--awb-spacing-right-small:1.92%;--awb-spacing-left-small:1.92%;\"><div class=\"fusion-column-wrapper fusion-column-has-shadow fusion-flex-justify-content-flex-start fusion-content-layout-column\"><div class=\"fusion-text fusion-text-1\"><p>Smeup ha tenuto un intervento al <strong>Common Europe Congress 2023<\/strong>, che ha avuto luogo in presenza a Praga presso la <strong>Vienna House By Wyndham Diplomat Prague<\/strong>.<\/p>\n<p>Il CEC rappresenta un evento annuale di rilievo internazionale con focus su <strong>formazione e networking<\/strong>. Gli argomenti trattati al suo interno coprono una vasta gamma di tematiche, fra cui l&#8217;hardware IBM Power, lo sviluppo di applicazioni, l&#8217;RPG avanzato, gli strumenti e i linguaggi Open Source, la gestione dei sistemi, Db2 e SQL, lo storage IBM, i servizi e i microservizi IBM i, la sicurezza e la conformit\u00e0 e molte altre ancora.<\/p>\n<\/div><div class=\"elegant-empty-space space-vertical fusion-clearfix \" style=\"height:40px;\"><\/div><div class=\"fusion-text fusion-text-2\"><p>Mauro Sanfilippo, CTO di smeup, ha tenuto un intervento intitolato:<\/p>\n<h3 style=\"text-align: left\"><em>Deploying and running an RPG application on OpenShift? <\/em><em>IT COULD WORK!<\/em><\/h3>\n<p>Durante il suo speech ha dimostrato come \u00e8 possibile eseguire il vostro codice RPGLE in un sistema moderno, scalabile e cloud-native. Questo vi permette di <strong>preservare il valore del vostro know-how<\/strong>, al di l\u00e0 dei sistemi classici di oggi. Durante l&#8217;intervento ha mostrato come sia possibile creare un&#8217;applicazione cloud-native poliglotta, moderna, web, mobile, basata su api, in esecuzione su POWER con OpenShift, utilizzando Java, Kotlin, JavaScript, Python e&#8230; RPGLE!<\/p>\n<\/div><div class=\"elegant-empty-space space-vertical fusion-clearfix \" style=\"height:40px;\"><\/div><div class=\"fusion-text fusion-text-3\"><p><strong>13 giugno 2023<\/strong><br \/>\n<strong>14:00 &#8211; 15:00<\/strong><br \/>\n<strong><em>Evento in presenza a Praga, Repubblica Ceca &#8211; Vienna House By Wyndham Diplomat Prague<\/em><\/strong><\/p>\n<\/div><div class=\"elegant-empty-space space-vertical fusion-clearfix \" style=\"height:33px;\"><\/div><\/div><\/div><\/div><\/div>\n","protected":false},"excerpt":{"rendered":"","protected":false},"author":12,"featured_media":54621,"template":"","meta":{"_acf_changed":false,"_tribe_events_status":"","_tribe_events_status_reason":"","footnotes":""},"tags":[],"tribe_events_cat":[3377],"class_list":["post-54570","tribe_events","type-tribe_events","status-publish","has-post-thumbnail","hentry","tribe_events_cat-eventi","cat_eventi"],"acf":[],"yoast_head":"<!-- This site is optimized with the Yoast SEO plugin v27.5 - https:\/\/yoast.com\/product\/yoast-seo-wordpress\/ -->\n<title>Smeup terr\u00e0 un intervento al Common Europe Congress<\/title>\n<meta name=\"description\" content=\"Smeup terr\u00e0 un intervento al Common Europe Congress 2023, che avr\u00e0 luogo in presenza a Praga presso la Vienna House Diplomat Prague.\" \/>\n<meta name=\"robots\" content=\"index, follow, max-snippet:-1, max-image-preview:large, max-video-preview:-1\" \/>\n<link rel=\"canonical\" href=\"https:\/\/www.smeup.com\/eventi\/evento\/smeup-terra-un-intervento-al-common-europe-congress\/\" \/>\n<meta property=\"og:locale\" content=\"it_IT\" \/>\n<meta property=\"og:type\" content=\"article\" \/>\n<meta property=\"og:title\" content=\"Integrazione industriale: come massimizzarne le potenzialit\u00e0? - Webinar\" \/>\n<meta property=\"og:description\" content=\"Iscriviti al webinar del 21 marzo per scoprire come trarre tutti i vantaggi possibili dall\u2019integrazione e dai servizi di controllo, rilevamento dei dati e analisi dei consumi.\" \/>\n<meta property=\"og:url\" content=\"https:\/\/www.smeup.com\/eventi\/evento\/smeup-terra-un-intervento-al-common-europe-congress\/\" \/>\n<meta property=\"og:site_name\" content=\"Eventi\" \/>\n<meta property=\"article:modified_time\" content=\"2023-06-28T15:36:16+00:00\" \/>\n<meta property=\"og:image\" content=\"https:\/\/www.smeup.com\/eventi\/wp-content\/uploads\/sites\/13\/2023\/03\/Today-is-the-day-IOT_seo-social.png\" \/>\n\t<meta property=\"og:image:width\" content=\"1200\" \/>\n\t<meta property=\"og:image:height\" content=\"630\" \/>\n\t<meta property=\"og:image:type\" content=\"image\/png\" \/>\n<meta name=\"twitter:card\" content=\"summary_large_image\" \/>\n<meta name=\"twitter:label1\" content=\"Tempo di lettura stimato\" \/>\n\t<meta name=\"twitter:data1\" content=\"3 minuti\" \/>\n<script type=\"application\/ld+json\" class=\"yoast-schema-graph\">{\"@context\":\"https:\\\/\\\/schema.org\",\"@graph\":[{\"@type\":\"WebPage\",\"@id\":\"https:\\\/\\\/www.smeup.com\\\/eventi\\\/evento\\\/smeup-terra-un-intervento-al-common-europe-congress\\\/\",\"url\":\"https:\\\/\\\/www.smeup.com\\\/eventi\\\/evento\\\/smeup-terra-un-intervento-al-common-europe-congress\\\/\",\"name\":\"Smeup terr\u00e0 un intervento al Common Europe Congress\",\"isPartOf\":{\"@id\":\"https:\\\/\\\/www.smeup.com\\\/eventi\\\/#website\"},\"primaryImageOfPage\":{\"@id\":\"https:\\\/\\\/www.smeup.com\\\/eventi\\\/evento\\\/smeup-terra-un-intervento-al-common-europe-congress\\\/#primaryimage\"},\"image\":{\"@id\":\"https:\\\/\\\/www.smeup.com\\\/eventi\\\/evento\\\/smeup-terra-un-intervento-al-common-europe-congress\\\/#primaryimage\"},\"thumbnailUrl\":\"https:\\\/\\\/www.smeup.com\\\/eventi\\\/wp-content\\\/uploads\\\/sites\\\/13\\\/2023\\\/05\\\/Prague-scaled.jpg\",\"datePublished\":\"2023-05-03T13:10:08+00:00\",\"dateModified\":\"2023-06-28T15:36:16+00:00\",\"description\":\"Smeup terr\u00e0 un intervento al Common Europe Congress 2023, che avr\u00e0 luogo in presenza a Praga presso la Vienna House Diplomat Prague.\",\"breadcrumb\":{\"@id\":\"https:\\\/\\\/www.smeup.com\\\/eventi\\\/evento\\\/smeup-terra-un-intervento-al-common-europe-congress\\\/#breadcrumb\"},\"inLanguage\":\"it-IT\",\"potentialAction\":[{\"@type\":\"ReadAction\",\"target\":[\"https:\\\/\\\/www.smeup.com\\\/eventi\\\/evento\\\/smeup-terra-un-intervento-al-common-europe-congress\\\/\"]}]},{\"@type\":\"ImageObject\",\"inLanguage\":\"it-IT\",\"@id\":\"https:\\\/\\\/www.smeup.com\\\/eventi\\\/evento\\\/smeup-terra-un-intervento-al-common-europe-congress\\\/#primaryimage\",\"url\":\"https:\\\/\\\/www.smeup.com\\\/eventi\\\/wp-content\\\/uploads\\\/sites\\\/13\\\/2023\\\/05\\\/Prague-scaled.jpg\",\"contentUrl\":\"https:\\\/\\\/www.smeup.com\\\/eventi\\\/wp-content\\\/uploads\\\/sites\\\/13\\\/2023\\\/05\\\/Prague-scaled.jpg\",\"width\":2560,\"height\":1523},{\"@type\":\"BreadcrumbList\",\"@id\":\"https:\\\/\\\/www.smeup.com\\\/eventi\\\/evento\\\/smeup-terra-un-intervento-al-common-europe-congress\\\/#breadcrumb\",\"itemListElement\":[{\"@type\":\"ListItem\",\"position\":1,\"name\":\"Eventi\",\"item\":\"https:\\\/\\\/www.smeup.com\\\/eventi\\\/eventi\\\/\"},{\"@type\":\"ListItem\",\"position\":2,\"name\":\"Smeup ha tenuto un intervento al Common Europe Congress\"}]},{\"@type\":\"WebSite\",\"@id\":\"https:\\\/\\\/www.smeup.com\\\/eventi\\\/#website\",\"url\":\"https:\\\/\\\/www.smeup.com\\\/eventi\\\/\",\"name\":\"Eventi\",\"description\":\"smeup\",\"potentialAction\":[{\"@type\":\"SearchAction\",\"target\":{\"@type\":\"EntryPoint\",\"urlTemplate\":\"https:\\\/\\\/www.smeup.com\\\/eventi\\\/?s={search_term_string}\"},\"query-input\":{\"@type\":\"PropertyValueSpecification\",\"valueRequired\":true,\"valueName\":\"search_term_string\"}}],\"inLanguage\":\"it-IT\"}]}<\/script>\n<!-- \/ Yoast SEO plugin. -->","yoast_head_json":{"title":"Smeup terr\u00e0 un intervento al Common Europe Congress","description":"Smeup terr\u00e0 un intervento al Common Europe Congress 2023, che avr\u00e0 luogo in presenza a Praga presso la Vienna House Diplomat Prague.","robots":{"index":"index","follow":"follow","max-snippet":"max-snippet:-1","max-image-preview":"max-image-preview:large","max-video-preview":"max-video-preview:-1"},"canonical":"https:\/\/www.smeup.com\/eventi\/evento\/smeup-terra-un-intervento-al-common-europe-congress\/","og_locale":"it_IT","og_type":"article","og_title":"Integrazione industriale: come massimizzarne le potenzialit\u00e0? - Webinar","og_description":"Iscriviti al webinar del 21 marzo per scoprire come trarre tutti i vantaggi possibili dall\u2019integrazione e dai servizi di controllo, rilevamento dei dati e analisi dei consumi.","og_url":"https:\/\/www.smeup.com\/eventi\/evento\/smeup-terra-un-intervento-al-common-europe-congress\/","og_site_name":"Eventi","article_modified_time":"2023-06-28T15:36:16+00:00","og_image":[{"width":1200,"height":630,"url":"https:\/\/www.smeup.com\/eventi\/wp-content\/uploads\/sites\/13\/2023\/03\/Today-is-the-day-IOT_seo-social.png","type":"image\/png"}],"twitter_card":"summary_large_image","twitter_misc":{"Tempo di lettura stimato":"3 minuti"},"schema":{"@context":"https:\/\/schema.org","@graph":[{"@type":"WebPage","@id":"https:\/\/www.smeup.com\/eventi\/evento\/smeup-terra-un-intervento-al-common-europe-congress\/","url":"https:\/\/www.smeup.com\/eventi\/evento\/smeup-terra-un-intervento-al-common-europe-congress\/","name":"Smeup terr\u00e0 un intervento al Common Europe Congress","isPartOf":{"@id":"https:\/\/www.smeup.com\/eventi\/#website"},"primaryImageOfPage":{"@id":"https:\/\/www.smeup.com\/eventi\/evento\/smeup-terra-un-intervento-al-common-europe-congress\/#primaryimage"},"image":{"@id":"https:\/\/www.smeup.com\/eventi\/evento\/smeup-terra-un-intervento-al-common-europe-congress\/#primaryimage"},"thumbnailUrl":"https:\/\/www.smeup.com\/eventi\/wp-content\/uploads\/sites\/13\/2023\/05\/Prague-scaled.jpg","datePublished":"2023-05-03T13:10:08+00:00","dateModified":"2023-06-28T15:36:16+00:00","description":"Smeup terr\u00e0 un intervento al Common Europe Congress 2023, che avr\u00e0 luogo in presenza a Praga presso la Vienna House Diplomat Prague.","breadcrumb":{"@id":"https:\/\/www.smeup.com\/eventi\/evento\/smeup-terra-un-intervento-al-common-europe-congress\/#breadcrumb"},"inLanguage":"it-IT","potentialAction":[{"@type":"ReadAction","target":["https:\/\/www.smeup.com\/eventi\/evento\/smeup-terra-un-intervento-al-common-europe-congress\/"]}]},{"@type":"ImageObject","inLanguage":"it-IT","@id":"https:\/\/www.smeup.com\/eventi\/evento\/smeup-terra-un-intervento-al-common-europe-congress\/#primaryimage","url":"https:\/\/www.smeup.com\/eventi\/wp-content\/uploads\/sites\/13\/2023\/05\/Prague-scaled.jpg","contentUrl":"https:\/\/www.smeup.com\/eventi\/wp-content\/uploads\/sites\/13\/2023\/05\/Prague-scaled.jpg","width":2560,"height":1523},{"@type":"BreadcrumbList","@id":"https:\/\/www.smeup.com\/eventi\/evento\/smeup-terra-un-intervento-al-common-europe-congress\/#breadcrumb","itemListElement":[{"@type":"ListItem","position":1,"name":"Eventi","item":"https:\/\/www.smeup.com\/eventi\/eventi\/"},{"@type":"ListItem","position":2,"name":"Smeup ha tenuto un intervento al Common Europe Congress"}]},{"@type":"WebSite","@id":"https:\/\/www.smeup.com\/eventi\/#website","url":"https:\/\/www.smeup.com\/eventi\/","name":"Eventi","description":"smeup","potentialAction":[{"@type":"SearchAction","target":{"@type":"EntryPoint","urlTemplate":"https:\/\/www.smeup.com\/eventi\/?s={search_term_string}"},"query-input":{"@type":"PropertyValueSpecification","valueRequired":true,"valueName":"search_term_string"}}],"inLanguage":"it-IT"}]}},"_links":{"self":[{"href":"https:\/\/www.smeup.com\/eventi\/wp-json\/wp\/v2\/tribe_events\/54570","targetHints":{"allow":["GET"]}}],"collection":[{"href":"https:\/\/www.smeup.com\/eventi\/wp-json\/wp\/v2\/tribe_events"}],"about":[{"href":"https:\/\/www.smeup.com\/eventi\/wp-json\/wp\/v2\/types\/tribe_events"}],"author":[{"embeddable":true,"href":"https:\/\/www.smeup.com\/eventi\/wp-json\/wp\/v2\/users\/12"}],"version-history":[{"count":25,"href":"https:\/\/www.smeup.com\/eventi\/wp-json\/wp\/v2\/tribe_events\/54570\/revisions"}],"predecessor-version":[{"id":54746,"href":"https:\/\/www.smeup.com\/eventi\/wp-json\/wp\/v2\/tribe_events\/54570\/revisions\/54746"}],"wp:featuredmedia":[{"embeddable":true,"href":"https:\/\/www.smeup.com\/eventi\/wp-json\/wp\/v2\/media\/54621"}],"wp:attachment":[{"href":"https:\/\/www.smeup.com\/eventi\/wp-json\/wp\/v2\/media?parent=54570"}],"wp:term":[{"taxonomy":"post_tag","embeddable":true,"href":"https:\/\/www.smeup.com\/eventi\/wp-json\/wp\/v2\/tags?post=54570"},{"taxonomy":"tribe_events_cat","embeddable":true,"href":"https:\/\/www.smeup.com\/eventi\/wp-json\/wp\/v2\/tribe_events_cat?post=54570"}],"curies":[{"name":"wp","href":"https:\/\/api.w.org\/{rel}","templated":true}]}}

<div class="fusion-fullwidth fullwidth-box fusion-builder-row-1 fusion-flex-container nonhundred-percent-fullwidth non-hundred-percent-height-scrolling gradient-container-1" style="--awb-border-radius-top-left:0px;--awb-border-radius-top-right:0px;--awb-border-radius-bottom-right:0px;--awb-border-radius-bottom-left:0px;--awb-flex-wrap:wrap;" ><div class="fusion-builder-row fusion-row fusion-flex-align-items-flex-start fusion-flex-content-wrap" style="max-width:1144px;margin-left: calc(-4% / 2 );margin-right: calc(-4% / 2 );"><div class="fusion-layout-column fusion_builder_column fusion-builder-column-0 fusion_builder_column_1_1 1_1 fusion-flex-column" style="--awb-bg-size:cover;--awb-width-large:100%;--awb-margin-top-large:0px;--awb-spacing-right-large:1.92%;--awb-margin-bottom-large:20px;--awb-spacing-left-large:1.92%;--awb-width-medium:100%;--awb-order-medium:0;--awb-spacing-right-medium:1.92%;--awb-spacing-left-medium:1.92%;--awb-width-small:100%;--awb-order-small:0;--awb-spacing-right-small:1.92%;--awb-spacing-left-small:1.92%;"><div class="fusion-column-wrapper fusion-column-has-shadow fusion-flex-justify-content-flex-start fusion-content-layout-column"><div class="fusion-text fusion-text-1"><p>Smeup ha tenuto un intervento al <strong>Common Europe Congress 2023</strong>, che ha avuto luogo in presenza a Praga presso la <strong>Vienna House By Wyndham Diplomat Prague</strong>.</p>
<p>Il CEC rappresenta un evento annuale di rilievo internazionale con focus su <strong>formazione e networking</strong>. Gli argomenti trattati al suo interno coprono una vasta gamma di tematiche, fra cui l&#8217;hardware IBM Power, lo sviluppo di applicazioni, l&#8217;RPG avanzato, gli strumenti e i linguaggi Open Source, la gestione dei sistemi, Db2 e SQL, lo storage IBM, i servizi e i microservizi IBM i, la sicurezza e la conformità e molte altre ancora.</p>
</div><div class="elegant-empty-space space-vertical fusion-clearfix " style="height:40px;"></div><div class="fusion-text fusion-text-2"><p>Mauro Sanfilippo, CTO di smeup, ha tenuto un intervento intitolato:</p>
<h3 style="text-align: left"><em>Deploying and running an RPG application on OpenShift? </em><em>IT COULD WORK!</em></h3>
<p>Durante il suo speech ha dimostrato come è possibile eseguire il vostro codice RPGLE in un sistema moderno, scalabile e cloud-native. Questo vi permette di <strong>preservare il valore del vostro know-how</strong>, al di là dei sistemi classici di oggi. Durante l&#8217;intervento ha mostrato come sia possibile creare un&#8217;applicazione cloud-native poliglotta, moderna, web, mobile, basata su api, in esecuzione su POWER con OpenShift, utilizzando Java, Kotlin, JavaScript, Python e&#8230; RPGLE!</p>
</div><div class="elegant-empty-space space-vertical fusion-clearfix " style="height:40px;"></div><div class="fusion-text fusion-text-3"><p><strong>13 giugno 2023</strong><br />
<strong>14:00 &#8211; 15:00</strong><br />
<strong><em>Evento in presenza a Praga, Repubblica Ceca &#8211; Vienna House By Wyndham Diplomat Prague</em></strong></p>
</div><div class="elegant-empty-space space-vertical fusion-clearfix " style="height:33px;"></div></div></div></div></div>

<!-- This site is optimized with the Yoast SEO plugin v27.5 - https://yoast.com/product/yoast-seo-wordpress/ -->
<title>Smeup terrà un intervento al Common Europe Congress</title>
<meta name="description" content="Smeup terrà un intervento al Common Europe Congress 2023, che avrà luogo in presenza a Praga presso la Vienna House Diplomat Prague." />
<meta name="robots" content="index, follow, max-snippet:-1, max-image-preview:large, max-video-preview:-1" />
<link rel="canonical" href="https://www.smeup.com/eventi/evento/smeup-terra-un-intervento-al-common-europe-congress/" />
<meta property="og:locale" content="it_IT" />
<meta property="og:type" content="article" />
<meta property="og:title" content="Integrazione industriale: come massimizzarne le potenzialità? - Webinar" />
<meta property="og:description" content="Iscriviti al webinar del 21 marzo per scoprire come trarre tutti i vantaggi possibili dall’integrazione e dai servizi di controllo, rilevamento dei dati e analisi dei consumi." />
<meta property="og:url" content="https://www.smeup.com/eventi/evento/smeup-terra-un-intervento-al-common-europe-congress/" />
<meta property="og:site_name" content="Eventi" />
<meta property="article:modified_time" content="2023-06-28T15:36:16+00:00" />
<meta property="og:image" content="https://www.smeup.com/eventi/wp-content/uploads/sites/13/2023/03/Today-is-the-day-IOT_seo-social.png" />
	<meta property="og:image:width" content="1200" />
	<meta property="og:image:height" content="630" />
	<meta property="og:image:type" content="image/png" />
<meta name="twitter:card" content="summary_large_image" />
<meta name="twitter:label1" content="Tempo di lettura stimato" />
	<meta name="twitter:data1" content="3 minuti" />
<script type="application/ld+json" class="yoast-schema-graph">{"@context":"https:\/\/schema.org","@graph":[{"@type":"WebPage","@id":"https:\/\/www.smeup.com\/eventi\/evento\/smeup-terra-un-intervento-al-common-europe-congress\/","url":"https:\/\/www.smeup.com\/eventi\/evento\/smeup-terra-un-intervento-al-common-europe-congress\/","name":"Smeup terrà un intervento al Common Europe Congress","isPartOf":{"@id":"https:\/\/www.smeup.com\/eventi\/#website"},"primaryImageOfPage":{"@id":"https:\/\/www.smeup.com\/eventi\/evento\/smeup-terra-un-intervento-al-common-europe-congress\/#primaryimage"},"image":{"@id":"https:\/\/www.smeup.com\/eventi\/evento\/smeup-terra-un-intervento-al-common-europe-congress\/#primaryimage"},"thumbnailUrl":"https:\/\/www.smeup.com\/eventi\/wp-content\/uploads\/sites\/13\/2023\/05\/Prague-scaled.jpg","datePublished":"2023-05-03T13:10:08+00:00","dateModified":"2023-06-28T15:36:16+00:00","description":"Smeup terrà un intervento al Common Europe Congress 2023, che avrà luogo in presenza a Praga presso la Vienna House Diplomat Prague.","breadcrumb":{"@id":"https:\/\/www.smeup.com\/eventi\/evento\/smeup-terra-un-intervento-al-common-europe-congress\/#breadcrumb"},"inLanguage":"it-IT","potentialAction":[{"@type":"ReadAction","target":["https:\/\/www.smeup.com\/eventi\/evento\/smeup-terra-un-intervento-al-common-europe-congress\/"]}]},{"@type":"ImageObject","inLanguage":"it-IT","@id":"https:\/\/www.smeup.com\/eventi\/evento\/smeup-terra-un-intervento-al-common-europe-congress\/#primaryimage","url":"https:\/\/www.smeup.com\/eventi\/wp-content\/uploads\/sites\/13\/2023\/05\/Prague-scaled.jpg","contentUrl":"https:\/\/www.smeup.com\/eventi\/wp-content\/uploads\/sites\/13\/2023\/05\/Prague-scaled.jpg","width":2560,"height":1523},{"@type":"BreadcrumbList","@id":"https:\/\/www.smeup.com\/eventi\/evento\/smeup-terra-un-intervento-al-common-europe-congress\/#breadcrumb","itemListElement":[{"@type":"ListItem","position":1,"name":"Eventi","item":"https:\/\/www.smeup.com\/eventi\/eventi\/"},{"@type":"ListItem","position":2,"name":"Smeup ha tenuto un intervento al Common Europe Congress"}]},{"@type":"WebSite","@id":"https:\/\/www.smeup.com\/eventi\/#website","url":"https:\/\/www.smeup.com\/eventi\/","name":"Eventi","description":"smeup","potentialAction":[{"@type":"SearchAction","target":{"@type":"EntryPoint","urlTemplate":"https:\/\/www.smeup.com\/eventi\/?s={search_term_string}"},"query-input":{"@type":"PropertyValueSpecification","valueRequired":true,"valueName":"search_term_string"}}],"inLanguage":"it-IT"}]}</script>
<!-- / Yoast SEO plugin. -->

Smeup terrà un intervento al Common Europe Congress

Smeup terrà un intervento al Common Europe Congress 2023, che avrà luogo in presenza a Praga presso la Vienna House Diplomat Prague.

Integrazione industriale: come massimizzarne le potenzialità? - Webinar
